203232
In base 9, what is -2 - 8503382?
-8503384
In base 4, what is 11213 + 210132?
222011
In base 3, what is 210 + 1201212?
1202122
In base 10, what is -5 + -1789863?
-1789868
In base 5, what is -40204433 + 410?
-40204023
In base 9, what is -36186677 - 1?
-36186678
In base 8, what is 162540 + 66?
162626
In base 16, what is -46a79b + -1c?
-46a7b7
In base 14, what is -5063a - -64?
-505b6
In base 3, what is -212 - 120021010120112?
-120021010121101
In base 8, what is -4245127 + 4?
-4245123
In base 7, what is -1303504 - 6115?
-1312622
In base 11, what is 4 - 36507997?
-36507993
In base 4, what is 11 + 2121222023331?
2121222030002
In base 11, what is 998599 - 5?
998594
In base 3, what is 11 + 122011100001111010?
122011100001111021
In base 12, what is 27686352 - 0?
27686352
In base 9, what is 16007272 + -4?
16007267
In base 9, what is -10 + -1400066?
-1400076
In base 4, what is 2231 - 1022130133?
-1022121302
In base 16, what is -d11 - -12708?
119f7
In base 10, what is -5 + 1923800?
1923795
In base 2, what is -111000101011110010001011 - 1?
-111000101011110010001100
In base 16, what is -ea335 + 1b?
-ea31a
In base 2, what is -1110100011110011 + 1000011?
-1110100010110000
In base 8, what is 16 + -16545735?
-16545717
In base 4, what is 312131010 + 1322?
312132332
In base 14, what is 1886b16 - 4?
1886b12
In base 2, what is -1100010101010001001 + -11010?
-1100010101010100011
In base 14, what is 128 + 1724?
184c
In base 14, what is 3aa90 - 13?
3aa7b
In base 11, what is -8aaa099 + -4?
-8aaa0a2
In base 5, what is -1131103313 + -21?
-1131103334
In base 16, what is 1039a8 + 5?
1039ad
In base 15, what is 1acec + 2e9?
1b0e6
In base 9, what is 80 + -8065741?
-8065651
In base 7, what is -30115656 + -4?
-30115663
In base 14, what is 2a478 + 1c8?
2a662
In base 2, what is 10010001000110001 + 1110?
10010001000111111
In base 7, what is 0 - -3114534?
3114534
In base 11, what is -a7 + 93443?
93347
In base 4, what is 1 + 1111231002123?
1111231002130
In base 7, what is 3301 - -1626536?
1633140
In base 6, what is 10050155555 - -25?
10050200024
In base 16, what is -62c7 + 2?
-62c5
In base 13, what is c07 - 7ab?
429
In base 11, what is -a - -79a565?
79a556
In base 10, what is -39673 - 957?
-40630
In base 3, what is -2112100002112211 + 11?
-2112100002112200
In base 7, what is -11442015 - -5?
-11442010
In base 8, what is 6 + 5102304?
5102312
In base 4, what is -111322 + 20123?
-31133
In base 13, what is 6 - -a97742?
a97748
In base 11, what is -3 - 9935a30?
-9935a33
In base 12, what is 938bb + -2284?
91637
In base 6, what is 2 + -20140025212?
-20140025210
In base 4, what is 13210 - 2002313220?
-2002300010
In base 6, what is -11 + -530314350?
-530314401
In base 4, what is 1012212 - -3011313?
10030131
In base 3, what is 10222120200 - 22101020?
10200012110
In base 15, what is -4 - -3196b2?
3196ad
In base 5, what is 24110004003 + -10?
24110003443
In base 14, what is -c - -9a340?
9a332
In base 5, what is 110303320 - 3433?
110244332
In base 15, what is 60667 + -25b?
6040b
In base 7, what is 252461 - 5?
252453
In base 4, what is 102031 + 133323?
302020
In base 5, what is -2 - -44142301114?
44142301112
In base 13, what is -bb0a884 - -6?
-bb0a87b
In base 8, what is 0 - 11441170?
-11441170
In base 5, what is 2124141 + -2?
2124134
In base 8, what is -30707702 + -4?
-30707706
In base 15, what is 1 + -2314?
-2313
In base 6, what is 452415 + 20215?
513034
In base 5, what is -120142241302 - 10?
-120142241312
In base 16, what is -420bc - 3c?
-420f8
In base 10, what is 3 - 49421532?
-49421529
In base 16, what is 578d9a8 + 5?
578d9ad
In base 2, what is -1000010 - 10110000011000110?
-10110000100001000
In base 9, what is -37 - -327842?
327804
In base 14, what is 23365 - 9?
2335a
In base 4, what is 0 - -1112023100031?
1112023100031
In base 4, what is 102 - -323122321?
323123023
In base 3, what is 2 - -212101211001101?
212101211001110
In base 2, what is -100011100110111010 + -1011100?
-100011101000010110
In base 5, what is 30433040 + 2430?
30441020
In base 16, what is -27 + 10328?
10301
In base 10, what is 2546 - 3035?
-489
In base 5, what is 1 - -24432044114?
24432044120
In base 16, what is ce125 - 14?
ce111
In base 15, what is 384c + 7b23?
b470
In base 16, what is -503a376 - -2?
-503a374
In base 2, what is 1 - 100110101110100000000100100?
-100110101110100000000100011
In base 3, what is 10021022200 - 10110122?
10010212001
In base 12, what is -1 - 200872a?
-200872b
In base 13, what is 15389 - 2150?
13239
In base 15, what is 2 + -ed0264?
-ed0262
In base 12, what is 870a763 + -12?
870a751
In base 14, what is 60d7b59 + -5?
60d7b54
In base 12, what is -67b486b - -5?
-67b4866
In base 10, what is -3 + -16021585?
-16021588
In base 5, what is 10 + -21110344214?
-21110344204
In base 15, what is 6a42ba + 4?
6a42be
In base 15, what is -a47 - -35b4?
2a6c
In base 5, what is -11201 - 110343?
-122044
In base 10, what is 8 - 6708319?
-6708311
In base 10, what is 3 - -1096893?
1096896
In base 16, what is -218 + 7ee72?
7ec5a
In base 12, what is 5 - -2940ba83?
2940ba88
In base 2, what is -1010000001101001010 + 10110?
-1010000001100110100
In base 3, what is 112 - 11200022021200?
-11200022021011
In base 8, what is -41455 - -2470?
-36765
In base 2, what is 100 - 11001001000011011010000110?
-11001001000011011010000010
In base 5, what is -10313041 + 210?
-10312331
In base 7, what is -1120 - -164606?
163456
In base 5, what is 1140323032 + -22?
1140323010
In base 5, what is -140 - 21212244?
-21212434
In base 9, what is -14110 - -113?
-13886
In base 3, what is -12 + -11112221021002222?
-11112221021010011
In base 2, what is -1001100101010000100000 - -100?
-1001100101010000011100
In base 5, what is -21 + -132324114323?
-132324114344
In base 15, what is 1 + 17243c?
17243d
In base 14, what is 0 + -3c4690?
-3c4690
In base 5, what is 0 - 1030321132?
-1030321132
In base 8, what is 421 + -366030?
-365407
In base 2, what is -11 + 11110111111101000001010100?
11110111111101000001010001
In base 7, what is -630413 - -625?
-626455
In base 8, what is 270276 + 4210?
274506
In base 5, what is -4301200124 - 141?
-4301200320
In base 5, what is -3 - 203214133?
-203214141
In base 4, what is -2202330311200 - -10?
-2202330311130
In base 8, what is -330235117 + -1?
-330235120
In base 4, what is -102 - -212132232?
212132130
In base 16, what is -b5f - -755b?
69fc
In base 15, what is 2 + b05e?
b061
In base 4, what is -211220010 - -1110?
-211212300
In base 7, what is 15 + 10422056?
10422104
In base 5, what is -3 - -1041123424?
1041123421
In base 14, what is d4d2 + 41?
d533
In base 16, what is -2f + 111cfa?
111ccb
In base 10, what is -2587 - -103801?
101214
In base 14, what is 40a84 + 135?
40bb9
In base 15, what is 2 + -4c9d8?
-4c9d6
In base 6, what is 141 - 2134510?
-2134325
In base 6, what is 2411 - 21422434?
-21420023
In base 10, what is -179653422 + 0?
-179653422
In base 8, what is -1 - 24503435?
-24503436
In base 11, what is 26708 + -14?
266a4
In base 3, what is 1201222211111 + -20221?
1201222120120
In base 6, what is 2 - -2105004020?
2105004022
In base 7, what is -4 - 1064054163?
-1064054200
In base 10, what is -46 + -1262099?
-1262145
In base 14, what is 5 - -2d085c?
2d0863
In base 15, what is -3 + -203749d0?
-203749d3
In base 4, what is -11030133330 - 11?
-11030200001
In base 16, what is 3 + 5784ab?
5784ae
In base 6, what is 1 - 40131332?
-40131331
In base 11, what is -9 - 6227a17?
-6227a25
In base 3, what is 20 - 10022112102112?
-10022112102022
In base 4, what is -10 + 2211032212122?
2211032212112
In base 7, what is 42203 + 315?
42521
In base 5, what is 21233 + 1414000?
1440233
In base 11, what is -118408 - 42?
-11844a
In base 10, what is -281601 - -10?
-281591
In base 7, what is -4066 - 55023?
-62122
In base 7, what is 0 + -123000562?
-123000562
In base 5, what is -10210 + 11413241?
11403031
In base 16, what is 0 + -722be6?
-722be6
In base 2, what is 10101110010100111111 + -1011000?
10101110010011100111
In base 7, what is -3 + -43256022?
-43256025
In base 13, what is 3 - -1858870?
1858873
In base 11, what is -3924a + -490?
-3972a
In base 11, what is 0 + 6642?
6642
In base 3, what is -2 + 10101120211?
10101120202
In base 9, what is -571457 + 1711?
-568646
In base 12, what is 1954 - -2069?
3a01
In base 6, what is 24114 - 152522?
-124404
In bas